when 14319226 is divided by 33?
31
What is the remainder when 10175 is divided by 2516?
111
What is the remainder when 13837 is divided by 651?
166
Calculate the remainder when 12723 is divided by 303.
300
What is the remainder when 14524 is divided by 12?
4
Calculate the remainder when 25141 is divided by 87.
85
Calculate the remainder when 15449 is divided by 545.
189
Calculate the remainder when 9652 is divided by 149.
116
What is the remainder when 809 is divided by 122?
77
What is the remainder when 32359 is divided by 540?
499
What is the remainder when 73227 is divided by 57?
39
Calculate the remainder when 14691 is divided by 35.
26
Calculate the remainder when 7326 is divided by 807.
63
What is the remainder when 372504 is divided by 90?
84
What is the remainder when 493 is divided by 143?
64
Calculate the remainder when 1376 is divided by 15.
11
Calculate the remainder when 17277 is divided by 1234.
1
Calculate the remainder when 87042 is divided by 845.
7
Calculate the remainder when 12373 is divided by 538.
537
What is the remainder when 6280 is divided by 1249?
35
What is the remainder when 21696 is divided by 605?
521
Calculate the remainder when 57324 is divided by 76.
20
Calculate the remainder when 74118 is divided by 5.
3
Calculate the remainder when 66761 is divided by 54.
17
What is the remainder when 733 is divided by 106?
97
What is the remainder when 1981542 is divided by 15?
12
Calculate the remainder when 3867 is divided by 490.
437
Calculate the remainder when 131353 is divided by 417.
415
Calculate the remainder when 603660 is divided by 247.
239
What is the remainder when 168331 is divided by 168?
163
What is the remainder when 95168 is divided by 31717?
17
Calculate the remainder when 22607 is divided by 7523.
38
Calculate the remainder when 2192 is divided by 212.
72
Calculate the remainder when 19948 is divided by 1540.
1468
Calculate the remainder when 230174 is divided by 279.
278
Calculate the remainder when 18595 is divided by 174.
151
Calculate the remainder when 3068 is divided by 314.
242
Calculate the remainder when 47578 is divided by 727.
323
What is the remainder when 46577 is divided by 42?
41
What is the remainder when 30132 is divided by 3?
0
Calculate the remainder when 14863 is divided by 1061.
9
Calculate the remainder when 101907 is divided by 176.
3
What is the remainder when 12705 is divided by 174?
3
Calculate the remainder when 57591 is divided by 19193.
12
What is the remainder when 6247 is divided by 36?
19
Calculate the remainder when 4210 is divided by 254.
146
Calculate the remainder when 39437 is divided by 232.
229
Calculate the remainder when 3478 is divided by 179.
77
What is the remainder when 20488 is divided by 37?
27
What is the remainder when 33911 is divided by 1412?
23
What is the remainder when 21502 is divided by 1373?
907
What is the remainder when 643132 is divided by 2583?
2548
Calculate the remainder when 2131 is divided by 69.
61
Calculate the remainder when 43520 is divided by 18.
14
What is the remainder when 8485 is divided by 499?
2
Calculate the remainder when 142414 is divided by 3651.
25
What is the remainder when 4035 is divided by 106?
7
Calculate the remainder when 11733 is divided by 10223.
1510
Calculate the remainder when 283 is divided by 253.
30
What is the remainder when 21332 is divided by 7099?
35
What is the remainder when 335566 is divided by 13?
10
What is the remainder when 260714 is divided by 48?
26
Calculate the remainder when 4415 is divided by 3556.
859
Calculate the remainder when 160642 is divided by 45.
37
Calculate the remainder when 799 is divided by 22.
7
Calculate the remainder when 5736 is divided by 5252.
484
Calculate the remainder when 466456 is divided by 2793.
25
Calculate the remainder when 6624 is divided by 6620.
4
What is the remainder when 689 is divided by 160?
49
What is the remainder when 3869 is divided by 177?
152
What is the remainder when 2859 is divided by 84?
3
Calculate the remainder when 12421 is divided by 597.
481
What is the remainder when 8060 is divided by 1342?
8
Calculate the remainder when 4129 is divided by 17.
15
What is the remainder when 4675 is divided by 1016?
611
Calculate the remainder when 121471 is divided by 1047.
19
What is the remainder when 5974 is divided by 269?
56
What is the remainder when 22892 is divided by 212?
208
What is the remainder when 4500904 is divided by 89?
85
Calculate the remainder when 45038 is divided by 536.
14
What is the remainder when 12698 is divided by 78?
62
What is the remainder when 77797 is divided by 522?
19
What is the remainder when 7586 is divided by 1472?
226
What is the remainder when 54089 is divided by 1506?
1379
What is the remainder when 520891 is divided by 30640?
11
Calculate the remainder when 7884119 is divided by 12.
11
What is the remainder when 1156 is divided by 251?
152
What is the remainder when 4692 is divided by 783?
777
What is the remainder when 3649 is divided by 77?
30
Calculate the remainder when 58158 is divided by 174.
42
Calculate the remainder when 22868 is divided by 143.
131
What is the remainder when 16079 is divided by 5356?
11
Calculate the remainder when 23151 is divided by 23131.
20
Calculate the remainder when 218795 is divided by 161.
157
Calculate the remainder when 513 is divided by 45.
18
What is the remainder when 761 is divided by 382?
379
Calculate the remainder when 8018 is divided by 664.
50
Calculate the remainder when 50895 is divided by 960.
15
What is the remainder when 2107 is divided by 12?
7
What is the remainder when 6854 is divided by 73?
65
Calculate the remainder when 169311 is divided by 26.
25
What is the remainder when 10716 is divided by 304?
76
What is the remainder when 494 is divided by 158?
20
What is the remainder when 18880 is divided by 697?
61
Calculate the remainder when 39966 is divided by 94.
16
What is the remainder when 21989 is divided by 39?
32
What is the remainder when 16665 is divided by 29?
19
What is the remainder when 1780757 is divided by 98?
97
What is the remainder when 5835 is divided by 324?
3
What is the remainder when 11077 is divided by 5008?
1061
Calculate the remainder when 4494 is divided by 164.
66
Calculate the remainder when 399782 is divided by 22.
20
Calculate the remainder when 2105 is divided by 608.
281
Calculate the remainder when 1139 is divided by 412.
315
What is the remainder when 8937 is divided by 431?
317
Calculate the remainder when 4551 is divided by 201.
129
Calculate the remainder when 237840 is divided by 809.
803
Calculate the remainder when 25147 is divided by 83.
81
Calculate the remainder when 2103 is divided by 551.
450
Calculate the remainder when 1485 is divided by 39.
3
Calculate the remainder when 202637 is divided by 136.
133
Calculate the remainder when 301180 is divided by 27.
22
Calculate the remainder when 9772 is divided by 208.
204
Calculate the remainder when 3592 is divided by 436.
104
What is the remainder when 97018 is divided by 36?
34
What is the remainder when 1567303 is divided by 8?
7
What is the remainder when 23777 is divided by 4755?
2
What is the remainder when 18438 is divided by 4604?
22
Calculate the remainder when 1721330 is divided by 180.
170
Calculate the remainder when 9274 is divided by 576.
58
Calculate the remainder when 5527 is divided by 83.
49
Calculate the remainder when 111997 is divided by 100.
97
Calculate the remainder when 33971 is divided by 57.
56
Calculate the remainder when 3523 is divided by 695.
48
Calculate the remainder when 103900 is divided by 94.
30
Calculate the remainder when 32327 is divided by 7981.
403
What is the remainder when 11807 is divided by 37?
4
Calculate the remainder when 8880 is divided by 614.
284
What is the remainder when 13276 is divided by 153?
118
What is the remainder when 36836 is divided by 1754?
2
Calculate the remainder when 693 is divided by 354.
339
Calculate the remainder when 21732 is divided by 104.
100
What is the remainder when 454 is divided by 48?
22
Calculate the remainder when 6905 is divided by 321.
164
Calculate the remainder when 192 is divided by 13.
10
Calculate the remainder when 1879 is divided by 864.
151
What is the remainder when 62599 